7. Suppose -q*l + 3 = -12. Suppose 4*z - p + 6*p = 119, -5*p = -l*z + 160. What is the units digit of z?
1
Suppose 4*x + 5*p = -1589 + 5109, x - 5*p - 905 = 0. What is the hundreds digit of x?
8
Suppose 2*n - 5911 = -z - 986, 5*z - n - 24614 = 0. What is the hundreds digit of z?
9
Let p(f) = 79*f**2 + 17*f - 16. What is the tens digit of p(5)?
4
Let r(j) = 50*j**2 + 17*j - 12. Let o be r(6). Suppose 0 = 8*v + v - o. What is the units digit of v?
0
Suppose 2*b - 3 = -5, -7 = -a + b. What is the units digit of a?
6
Suppose 2*l + 2*l = -2*f + 18, -3*f = -15. Suppose -2 = 2*g + 2*d, l*d + 3 = -5*g - d. Suppose 10 = m - g. What is the tens digit of m?
1
Suppose 4*n + 2*c = 0, -n + 20 - 2 = 5*c. What is the tens digit of (n - -3)*(-10 + 38)?
2
Let m = 90 + -44. Suppose -4*z + m = -58. Let g = z + 0. What is the units digit of g?
6
Let j(x) = 26*x**2 - x + 1. Let d be j(1). Suppose -d = -u + 19. What is the tens digit of u?
4
Suppose 24 = 4*a - 2*v - 2*v, -5*v = a + 12. Let c be ((-140)/a)/((-8)/(-24)). Let h = -99 - c. What is the units digit of h?
1
Let v(i) be the first derivative of -i**2 + 4*i - 8. Let c be v(-2). Let r(k) = k**3 - 8*k**2 + 3*k - 10. What is the tens digit of r(c)?
1
Let m be 6/10 + (-2)/(-5). Suppose 4*p - 3 = m. What is the units digit of (15 - -8) + (p - 2)?
2
Suppose 0 = 7*h - 522 + 116. Suppose 0 = 4*a + h - 314. What is the tens digit of a?
6
Let b(p) = -204*p + 36. Let x be b(-11). Suppose y = 16*y - x. What is the tens digit of y?
5
Suppose -5*b - 21 - 4 = 0. Let t be (6/b)/((-12)/40). What is the tens digit of (-204)/8*t/(-3)?
3
What is the units digit of (-13356)/(-140) - 4/10?
5
Let k(i) = -i**3 - 6*i**2 + 7*i. Let m be k(-7). Suppose 4*l = -2*v - 24, m = -5*v + 3*l - 9 + 1. Let a(z) = -5*z - 3. What is the units digit of a(v)?
7
Let c = 17 + -15. Suppose j - 12 = c*j. Let m = -10 - j. What is the units digit of m?
2
Suppose -2 + 12 = j - 2*a, -4*j - a = -13. Suppose j*y - 668 = 5*o + 182, 4*y = -2*o + 864. What is the units digit of y?
5
Let q(h) = -1278*h - 167. What is the thousands digit of q(-2)?
2
Let g(a) = 11*a + 2. Let s(w) = w. Let t(p) = -g(p) - 4*s(p). Let r(m) = m**3 - 3*m**2 + 3*m - 3. Let o be r(2). What is the tens digit of t(o)?
1
Let w be 3/9*(-6)/(-2). Suppose 5*r - 19 = 6, -2*r + 40 = 3*q. What is the tens digit of (5/q)/(w/38)?
1
Let y(d) = -36*d + 62. Let m be y(-9). Suppose -109 + m = r. What is the units digit of r?
7
What is the tens digit of (2194/(-9))/((-11)/(3 + 96))?
9
Let z = 2075 - 863. What is the hundreds digit of z?
2
What is the hundreds digit of (1 + 6/4)*23754/185?
3
Suppose 5*g - 2*b - b - 27 = 0, -5*g - 5*b - 5 = 0. Let l = g - 8. Let p = l + 16. What is the tens digit of p?
1
Let c(d) = 136*d**3 + 5*d**2 + 5*d + 4. Let z(a) = -68*a**3 - 2*a**2 - 2*a - 2. Let q(b) = -3*c(b) - 7*z(b). What is the tens digit of q(1)?
6
Let m = -1378 + 1502. What is the units digit of m?
4
Let p be -2*(0 - -1) + 62. Let c = 6 + p. What is the tens digit of c?
6
Let r(w) = -1 + 118*w**2 - 3 - 103*w**2 + 2*w**3 - 7*w. What is the units digit of r(-7)?
4
Let s(z) = 14*z**2 - 13*z + 7. What is the hundreds digit of s(11)?
5
Let w be (-3 - -2)/((20/304)/(-5)). Let i = w - -1. What is the tens digit of i?
7
Let x = 12 - 12. Let b(w) = -5*w**2 - 4 - 2*w**3 + 3 + w + x*w**3. What is the tens digit of b(-4)?
4
Let b be 3/3 + 1 + (-108)/(-1). Let s = 199 - b. What is the units digit of s?
9
Let c = 171 - 321. Let l = 211 + c. What is the tens digit of l?
6
Suppose 12*g - 15*g + 480 = 0. What is the tens digit of g?
6
Let r(x) = -3*x. Suppose 31 = -4*m + 3*l - 5, 4*m + 4*l + 8 = 0. Let s(b) = -b**2 - 5*b. Let c be s(m). What is the units digit of r(c)?
8
Let i(d) = -d**3 - 10*d**2 + d + 1. Suppose -2*w = -4*w - 22. Let b be i(w). Suppose -2*x + j = -35, -4*x - 4*j + b - 11 = 0. What is the tens digit of x?
2
Suppose 2*u - 20 = -2*u. Suppose h = 3*h + u*k - 200, 5*k - 400 = -4*h. What is the tens digit of h?
0
Suppose -3 = -4*p + 3*h + 16, 4*p - 4*h - 20 = 0. Suppose 7 = -m - p*w, -4*w - 3 = -3*m + 8. What is the tens digit of m/2 - 325/(-10)?
3
Let w(d) = -d**2 - 4*d + 24. Let j be w(3). Let s be 37/5 - (-2)/(-5). Suppose -j*g - s = -61. What is the tens digit of g?
1
Let v be 2 + 1 + (-5)/5. Let l(i) = i**v - 8 + 17*i - 2*i**2 - 7*i. What is the tens digit of l(6)?
1
What is the hundreds digit of (-54020)/(-30) + 56/(-21)?
7
Let i(t) = 206*t**2 + 4*t - 7. What is the hundreds digit of i(2)?
8
Let t(w) = w**2 - 12*w + 2. Let j(c) = -c**2 + 11*c - 3. Let z(m) = 5*j(m) + 4*t(m). Let k be z(3). Let d = k + 17. What is the tens digit of d?
2
Suppose 0 = -n - 4*n + 5. Suppose 5*b - n = -91. Let r = -17 - b. What is the units digit of r?
1
Let f(c) = -26*c - 54. What is the tens digit of f(-5)?
7
Let g = 1371 - -685. What is the tens digit of g?
5
Let j = 54 - 37. Suppose j*a - 19*a = -16. Suppose 597 = a*f + 69. What is the units digit of f?
6
Let x be 1/((-363)/182 - -2). What is the hundreds digit of x*1 + (8 - 8)?
1
Suppose -4*c - 2 = -3*q + q, -2*c + 29 = 5*q. Suppose 4*n - 473 = o, 0*o = -q*n - o + 589. What is the units digit of n?
8
Let k(i) = 7 + i**2 + 3*i**2 + 0*i**2 + 3*i + 0. What is the hundreds digit of k(5)?
1
Suppose -28 = 9*q + 17. Let d(z) = 2*z + 14. What is the units digit of d(q)?
4
Let v(q) = -3*q - 25. Let a(z) be the first derivative of z**4/4 + 8*z**3/3 + 9*z**2/2 + 2*z - 9. Let x be a(-7). What is the tens digit of v(x)?
1
Let d = -243 - -1189. What is the tens digit of d?
4
Suppose -2*q = -2*j + 16, 5*q + 30 + 7 = 4*j. Suppose -s - j = 15. What is the units digit of s/30*(0 - 65)?
9
Let r = -21 + 5. What is the tens digit of (r/(-6))/(34/255)?
2
Let f be (1 - (2 - 2))/1. Let u be (f + 5)*(-7 + 4). Let c = u + 25. What is the units digit of c?
7
Let g(k) = 53*k - 30. What is the hundreds digit of g(4)?
1
Suppose 2 = -2*u, 3*i - 31 = -2*u + 27. Suppose 2*s + 4*x - 10 = 5*x, 0 = 5*x + i. Suppose 2*g - 47 = -o, -s*o + o + g + 94 = 0. What is the units digit of o?
7
Let i(c) = 48*c**2 - 15*c + 52. What is the hundreds digit of i(7)?
2
Suppose -16 = 22*j - 26*j, 2*j = 2*n - 1214. What is the hundreds digit of n?
6
Let q = -16 + 13. Let a be q + (-5 - -2)/(-1). Suppose -y - 3*y + 80 = a. What is the units digit of y?
0
Suppose 3*w = -h + 2238, -9*w + 8*w = 3*h - 6682. What is the units digit of h?
6
Suppose o + 15 = -v, v - 21 = -3*o - 72. Let l be -3*(-1)/((-9)/30). What is the tens digit of o*(-1 - l/(-6))?
4
Let d be (-11 + 10)*-5*1. Suppose -d - 10 = -3*m. Suppose -m*u + 92 = -3*u. What is the units digit of u?
6
Suppose 2*q = 2, -5*q + 2*q + 339 = 2*x. Let k = x - 118. What is the tens digit of k?
5
Let s(n) = 576*n**3 - 2*n**2 - 2*n + 2. What is the hundreds digit of s(1)?
5
Let v(x) = -3*x**3 - 11*x**2 + 8*x - 3. Let n(z) = -2*z**3 - 11*z**2 + 7*z - 3. Let m(s) = -4*n(s) + 3*v(s). What is the tens digit of m(10)?
6
Let l be ((-1)/1)/(7/(-14)). What is the tens digit of 672/18 - l/(-3)?
3
Suppose 3*v - 5*d = 17, -v + 3*d = -2 - 5. Suppose -4*x + 6*x = v. What is the units digit of (-1)/(1/((-46)/x))?
3
Suppose r + 5 = 0, -2*c - 43 = -3*r - 0*r. Let l = -265 - -272. Let f = l - c. What is the tens digit of f?
3
Suppose -8*u + 155 = -13*u. Let n = 40 + u. Let k = n - -20. What is the units digit of k?
9
Let p(q) = -7*q + 12. What is the tens digit of p(-5)?
4
Suppose 50 - 74 = -6*l. What is the units digit of l?
4
Let m(r) = r**2 - 7*r - 8. Let q be m(7). Let w = q - -9. What is the units digit of (7/14)/(w/14)?
7
Let t = 678 - 675. Let m = 367 - 17. Suppose -5*d + 2*w = -t*w - m, 2*w = 4. What is the tens digit of d?
7
Let t(c) = 159*c - 4. Let f be t(1). Let g(n) = -n**2 - 10*n - 4. Let b be g(-4). Suppose 0*u - u = -4*s + f, b = 4*u. What is the units digit of s?
0
Let h be 3/3 - (-82 + 1). Suppose 53 + h = 5*k. What is the tens digit of k?
2
Suppose -145 = -3*k + 2*l, 2*l + 0*l + 47 = k. Suppose k*s - 102 = 47*s. What is the units digit of s?
1
Suppose -3*q + q + 5*t = -150, 0 = -q - 2*t + 57. Let b = -12 + q. What is the units digit of b?
3
Suppose 40*m - 15929 = 23*m. What is the tens digit of m?
3
Suppose 2 = -16*j + 18*j, -2*j = o - 2562. What is the tens digit of o?
6
Let a = 61 - 59. Suppose -a*y = -5*y - 2*t + 695, 3*y = 3*t + 705. What is the hundreds digit of y?
2
Suppose 